). Calculate the highest common divisor of 112 and o.
56
Let r be ((-389000)/55)/(-4) + (-4)/22. What is the highest common divisor of 728 and r?
104
Let q(j) = -j**2 - 7*j + 19. Let t be q(-9). Let z be (t + 228/(-30))*15. Let v = 117 + z. What is the greatest common factor of v and 54?
18
Suppose 1545 = -10*a + 1695. What is the highest common factor of a and 685?
5
Suppose -61*v + 65*v - 136 = -4*f, -2*f - 22 = -v. Calculate the greatest common divisor of v and 6770.
10
Let u(i) be the first derivative of i**4/4 - 4*i**3/3 - 9*i**2 + 17*i + 44. Let o be u(7). What is the highest common factor of o and 57?
19
Suppose 176*n - 195*n = -150898. Calculate the highest common divisor of 22 and n.
22
Suppose 0 = -5*w + 3*r - 20, -14 = 7*w - 3*w - 2*r. Let l(z) = -8*z**3 - 2*z**2 - 9*z - 8. Let n be l(w). Calculate the greatest common factor of n and 56.
7
Let s be (1182 + -42)*4/(-24)*-20. Calculate the greatest common factor of s and 1000.
200
Let f = 24516 - 23115. Calculate the highest common factor of 9 and f.
3
Suppose -21*j + 640 = -5*j. Let d be 224/j - (-2)/5. What is the highest common factor of d and 162?
6
Let d(k) = -15*k - 70. Let p be d(-6). Let q be (-2)/(-8) - (-295)/p. Calculate the highest common divisor of 55 and q.
5
Let v = -255 - -333. What is the highest common divisor of 4017 and v?
39
Let q = 13014 - 5589. Calculate the greatest common factor of q and 15.
15
Suppose -477*a + 4*s - 124046 = -482*a, 2*a + 3*s - 49617 = 0. What is the highest common factor of 5 and a?
5
Let h(n) = -37*n + 47. Let q be h(2). Let f be (q/12 - -1)*(9 + -61). Calculate the greatest common factor of 39 and f.
13
Suppose 25*t - 2467 + 250 - 3033 = 0. Calculate the greatest common factor of 570 and t.
30
Let z = 456 + -456. Suppose z = 12*m + 13*m - 175. What is the highest common factor of m and 49?
7
Suppose 5*v = x - 10116, -28*x = -v - 32*x - 2040. Let t be 4/(-18) + v/(-36). Let m = 1430 - 982. What is the highest common divisor of t and m?
56
Suppose -145*s + 18561 = 207*s - 83*s. What is the highest common factor of 57 and s?
3
Suppose -45450 = -27*f - 175*f. Calculate the highest common divisor of f and 36.
9
Let b be -45 - -37 - 11*-1. Suppose -4*x + 148 = 100*c - 96*c, -4*x + 169 = -b*c. Calculate the highest common factor of x and 180.
20
Let m = -4414 + 5174. Calculate the greatest common factor of 40 and m.
40
Let j = 29411 + -28871. Calculate the greatest common divisor of j and 680.
20
Suppose 43 + 109 = 84*k - 352. What is the greatest common factor of k and 2586?
6
Let c(l) = 2 + l**3 + 6*l + 8 - 51 - 18*l**2 + 14*l. Let u be c(17). What is the greatest common divisor of 1210 and u?
10
Let z(i) = -39*i - 4133. Let x be z(-106). What is the highest common divisor of x and 169?
1
Suppose -5*w + 3*q + 354 = 0, -183*q + 185*q = w - 82. Suppose -8 + 90 = 2*s. Let z = 3 + s. Calculate the highest common factor of z and w.
22
Let c = 43 - 2. Suppose -5*x - 5*g = 90, -2*x + g - c = 4*g. Let u = x - -20. What is the highest common divisor of u and 21?
7
Let i(t) = 10*t**2 + 161*t + 45. Let c be i(-16). What is the highest common factor of c and 1769?
29
Let p be (-65)/(-30)*3*2. Let q(d) = d - 15. Let n be q(p). Let u be -36*(3 - (-7)/n). What is the highest common divisor of 36 and u?
18
Suppose -m - 2*j = -29, 86*j = 2*m + 89*j - 57. What is the highest common divisor of 2673 and m?
27
Let s = -12 + 16. Suppose 0 = s*j - 3*q - 183, 2*q - 5*q = -5*j + 231. Let r = 54 - -66. What is the highest common factor of r and j?
24
Let x = 26821 + -25228. What is the highest common divisor of 2301 and x?
177
Let b = 71 - 37. Let u = b + -19. Let a = 258 + -255. Calculate the highest common factor of u and a.
3
Suppose -3*h = -2*k + 564 - 1, h = 4*k - 1141. Let l(r) = r**2 - 21*r - 242. Let t be l(32). Calculate the greatest common divisor of t and k.
22
Suppose 9 = -3*p + 27. Let r be (p - 34/5)/((-8)/180). Calculate the greatest common factor of r and 144.
18
Suppose -1248 = -4*z + n, z - 5*n = 19 + 312. Let q = z + -269. Calculate the greatest common factor of 84 and q.
42
Let o(u) = 0*u + 50*u + 50 - 99. Let g be o(7). Calculate the greatest common factor of 43 and g.
43
Let d = -78 - -123. Suppose -d = -7*j - 171. Let p be 5/((-5)/j) - (18 + -21). What is the highest common factor of p and 231?
21
Let j = 124 - 120. Suppose 0 = 2*m + j, l + 4*l + 3*m = 134. Suppose -2*k + 54 + 2 = 0. What is the highest common factor of k and l?
28
Let f = -16186 + 23778. What is the highest common factor of 39 and f?
13
Let j(m) = m**2 + 12*m - 19. Let v be j(-25). Suppose -2516 = 281*u - 318*u. What is the highest common divisor of v and u?
34
Let d be 292/60 - 4/(-30). Let t be -4 + (-30)/d*9*-1. Calculate the greatest common factor of t and 10.
10
Suppose -17*q + 61856 = -647638 + 64531. What is the highest common divisor of q and 11?
11
Let y be -18*(-13)/(-104)*-4. Calculate the highest common divisor of 1458 and y.
9
Suppose -d = 6 - 5, -3*u - 3*d = -30. Suppose -u = -k - 9. Suppose 105 - 19 = k*m. Calculate the highest common factor of 387 and m.
43
Let w(g) = 421*g + 33081. Let p be w(-78). Let t = 2 - -1. Calculate the highest common divisor of p and t.
3
Let t(h) = -3*h - 3*h + 5 + h**2 + 10. Let l be t(-5). What is the highest common divisor of 10 and l?
10
Let c be 3*((-4)/15)/(18/(-45)). Suppose -46*b = -i - 44*b + 30, -4*i = c*b - 110. Calculate the highest common divisor of i and 28.
28
Let k(o) = -4*o - 52. Let l be k(-16). Let j(p) = 352 + p**2 + 2*p - 328 - 2*p. Let u be j(l). What is the highest common factor of u and 24?
24
Let p(w) = -18*w + 3*w + 35*w - 40 + 30*w**2. Let y be p(2). What is the greatest common factor of 80 and y?
40
Let f = -16882 + 17092. Calculate the greatest common factor of f and 1320.
30
Let m(h) = h**3 - 8*h**2 - 175*h - 21. Let f be m(18). What is the greatest common factor of f and 1725?
69
Suppose 0 = 34*z - 41*z + 49. Let m be (-5)/((-20)/12) + z + 9. What is the greatest common factor of m and 19?
19
Let k(d) = 11*d**2 + 431*d - 151. Let x be k(-40). Calculate the highest common divisor of 38 and x.
19
Suppose 3630 = -151*j + 173*j. Let g = 173 - 113. Calculate the greatest common divisor of g and j.
15
Let n = 9146 + -9113. Calculate the greatest common factor of n and 14487.
33
Let g(w) = -8*w + 51. Let a be g(7). Let f(i) = i**2 - 7*i - 57. Let j be f(a). Let d = 6 + 18. Calculate the greatest common divisor of d and j.
3
Let w = 4175 - 4107. What is the highest common divisor of w and 68?
68
Suppose -6 = -3*x + x. Let j be (-29 - -23) + (3 - 15/1). Let n(u) = -u**2 - 21*u - 45. Let v be n(j). What is the highest common divisor of x and v?
3
Suppose 4538 = 26*g - 1104. What is the highest common factor of 35 and g?
7
Let y be 4/(1 + -3) + 2 + 1. Let t be y + (-4 - 279/(-1)). Suppose -3*w = -0*k - 2*k + t, -732 = -5*k - 3*w. What is the highest common factor of 8 and k?
8
Let q(c) = -c**3 - c**2 - 1. Let t be q(-2). Let f be t/6 + 3*(-4)/24. Suppose f = -2*j + 185 - 15. What is the greatest common divisor of j and 17?
17
Let g = 445 + -433. Suppose 224 = f - 64. Suppose 10*v - 552 = f. What is the greatest common divisor of v and g?
12
Suppose 0 = -5*q + 3*z - 2*z + 550, -q - 2*z + 99 = 0. Let y = 118 - q. Let d(p) = p**2 - 8*p. Let j be d(y). Calculate the greatest common factor of 3 and j.
3
Let y(j) = -196*j + 5. Let h be (-120)/(-54) - (-6)/(-27). Let v be y(h). Let f be -5*(-3 + v/15). What is the greatest common divisor of f and 36?
36
Suppose 9313 = 9*c + 58*c. Calculate the greatest common divisor of 5838 and c.
139
Let b(w) = 10*w + 1. Let n be b(4). Suppose 0 = -3*x - 3*d + 441, d + 58 - 533 = -3*x. Calculate the greatest common factor of n and x.
41
Let j be 19/(399/14777) + (-6)/9. Calculate the highest common factor of j and 57.
19
Let u = 11960 - 11014. What is the highest common divisor of 704 and u?
22
Suppose 0*l + 4*l - 156 = -4*g, -12 = -3*g. What is the highest common factor of l and 2835?
35
Suppose 2*p - 56 = -2*w, 0 = -3*w + 12*p - 17*p + 86. Suppose -3*y + 474 = j, 5*y - 23*j = -w*j + 783. Calculate the highest common factor of y and 265.
53
Let m be 1*-2*-5*309/(-15). Let v = m - -212. Calculate the greatest common divisor of v and 4.
2
Suppose 1198013 = 81*x + 162509. Calculate the